mposite?
True
Is 80557 a composite number?
False
Is 188543 a prime number?
False
Is 18641 a composite number?
True
Is 8939 a prime number?
False
Is 7963 prime?
True
Is 17291 a composite number?
False
Is 1535749 composite?
True
Is 238451 a composite number?
False
Is 28699 a composite number?
True
Is 20861 a prime number?
False
Is 771359 a prime number?
True
Is 33107 composite?
False
Is 517697 prime?
False
Is 1732099 composite?
True
Is 13087 prime?
False
Is 98989 a composite number?
True
Is 203713 prime?
True
Is 3847 a prime number?
True
Is 153613 prime?
False
Is 294629 prime?
True
Is 2258 prime?
False
Is 1785587 composite?
False
Is 527491 composite?
True
Is 282845 composite?
True
Is 14479 prime?
True
Is 38393 a composite number?
False
Is 256169 composite?
False
Is 15161 a prime number?
True
Is 429293 composite?
True
Is 12359 prime?
False
Is 7067 prime?
False
Is 4381097 a prime number?
False
Is 59951 prime?
True
Is 166597 a prime number?
True
Is 16871 a composite number?
False
Is 73939 a composite number?
False
Is 913831 a composite number?
True
Is 453289 a composite number?
False
Is 14021 a prime number?
False
Is 30047 a composite number?
False
Is 76009 composite?
True
Is 459811 a prime number?
False
Is 1131937 a prime number?
True
Is 1115 prime?
False
Is 3791 composite?
True
Is 4039 composite?
True
Is 21313 prime?
True
Is 54917 a prime number?
True
Is 205391 a prime number?
True
Is 6547 a prime number?
True
Is 126583 prime?
True
Is 53749 prime?
False
Is 311099 a prime number?
True
Is 948671 composite?
False
Is 19373 a prime number?
True
Is 51749 composite?
False
Is 22009 a prime number?
False
Is 11483 prime?
True
Is 43499 prime?
True
Is 152479 a prime number?
False
Is 598411 prime?
False
Is 17957 a composite number?
False
Is 38593 composite?
False
Is 2845 a prime number?
False
Is 89467 prime?
False
Is 21891 a prime number?
False
Is 2342751 prime?
False
Is 1445687 a prime number?
True
Is 49331 a prime number?
True
Is 28787 composite?
True
Is 169977 composite?
True
Is 1792991 prime?
True
Is 208711 prime?
False
Is 47881 a prime number?
True
Is 26371 a prime number?
True
Is 54941 composite?
False
Is 1115 prime?
False
Is 13577 composite?
False
Is 8621 prime?
False
Is 298799 a composite number?
False
Is 93371 a composite number?
False
Is 124121 composite?
False
Is 834545 composite?
True
Is 1460161 a prime number?
True
Is 316337 prime?
False
Is 5129 prime?
False
Is 39979 composite?
False
Is 53362 a prime number?
False
Is 43843 a prime number?
False
Is 7073 a composite number?
True
Is 4114483 a composite number?
True
Is 11957 a prime number?
False
Is 184958 a composite number?
True
Is 1192651 a composite number?
False
Is 2603 a prime number?
False
Is 147541 a composite number?
False
Is 1805299 prime?
True
Is 1173139 a prime number?
False
Is 53479 a prime number?
True
Is 15131 a composite number?
False
Is 141377 a composite number?
True
Is 42899 a composite number?
False
Is 317 a composite number?
False
Is 36401 composite?
True
Is 12171 composite?
True
Is 1291 a prime number?
True
Is 7993 a prime number?
True
Is 104729 a prime number?
True
Is 1046473 prime?
False
Is 78401 composite?
False
Is 26801 a prime number?
True
Is 3271 a composite number?
False
Is 742353 a composite number?
True
Is 12497 a prime number?
True
Is 649 a composite number?
True
Is 90313 composite?
False
Is 168145 prime?
False
Is 161522 a composite number?
True
Is 3279 a composite number?
True
Is 59054 a prime number?
False
Is 275797 a prime number?
False
Is 631 composite?
False
Is 103741 composite?
True
Is 11113 a composite number?
False
Is 1117 a prime number?
True
Is 33805 a composite number?
True
Is 133571 a composite number?
False
Is 47903 composite?
False
Is 802537 a prime number?
False
Is 54854 prime?
False
Is 11471 a prime number?
True
Is 13411 a prime number?
True
Is 821203 a composite number?
True
Is 30106 a composite number?
True
Is 25219 composite?
False
Is 148907 a prime number?
False
Is 821195 a composite number?
True
Is 52907 a prime number?
False
Is 125041 prime?
False
Is 111751 a composite number?
False
Is 4971 a composite number?
True
Is 4091 a prime number?
True
Is 54083 a prime number?
True
Is 349291 composite?
False
Is 54083 prime?
True
Is 46479 composite?
True
Is 467809 a prime number?
False
Is 32117 a prime number?
True
Is 1134569 composite?
True
Is 58991 prime?
True
Is 129949 composite?
True
Is 337511 composite?
False
Is 191161 prime?
True
Is 67663 prime?
False
Is 6866 a composite number?
True
Is 6537 a prime number?
False
Is 110963 a prime number?
False
Is 1973 a composite number?
False
Is 102511 composite?
True
Is 145571 a composite number?
True
Is 58657 composite?
False
Is 21341 a prime number?
True
Is 1469 composite?
True
Is 2749 prime?
True
Is 14803 a prime number?
False
Is 122623 a prime number?
False
Is 8131 composite?
True
Is 251 prime?
True
Is 1937 a composite number?
True
Is 1874 prime?
False
Is 2503 a composite number?
False
Is 51749 composite?
False
Is 11591 a prime number?
False
Is 32099 a composite number?
False
Is 2170001 a composite number?
True
Is 198013 prime?
True
Is 177883 a composite number?
False
Is 35023 a prime number?
True
Is 27509 a prime number?
True
Is 8501 prime?
True
Is 201631 a composite number?
True
Is 859 a prime number?
True
Is 261271 composite?
False
Is 20473 composite?
True
Is 4889 a composite number?
False
Is 266969 prime?
False
Is 11477 prime?
False
Is 64951 a composite number?
False
Is 1487009 a prime number?
True
Is 6449 prime?
True
Is 265913 a prime number?
False
Is 2747 a prime number?
False
Is 13591 prime?
True
Is 111898 composite?
True
Is 22613 a composite number?
False
Is 427849 a prime number?
True
Is 526139 composite?
False
Is 3239 a prime number?
False
Is 14029 a composite number?
False
Is 18623 prime?
False
Is 3749 a prime number?
False
Is 3293239 composite?
False
Is 974359 a composite number?
False
Is 124577 composite?
False
Is 1114801 a composite number?
False
Is 289909 prime?
False
Is 38881 a prime number?
False
Is 7621 a prime number?
True
Is 10771 prime?
True
Is 90697 a prime number?
True
Is 3089 composite?
False
Is 66697 a composite number?
False
Is 26813 prime?
True
Is 33791 a composite number?
False
Is 24394 a prime number?
False
Is 80141 a composite number?
False
Is 12713 composite?
False
Is 5227 prime?
True
Is 3251 a prime number?
True
Is 587563 a prime number?
True
Is 24422 a composite number?
True
Is 21139 prime?
True
Is 1361 a composite number?
False
Is 298381 a composite number?
True
Is 140977 composite?
False
Is 1230433 a composite number?
False
Is 10261 a prime number?
False
Is 25219 composite?
False
Is 1767593 composite?
False
Is 6393 a composite number?
True
Is 268899 a prime number?
False
Is 233867 prime?
False
Is 61781 composite?
False
Is 1717 a composite number?
True
Is 865211 a composite number?
False
Is 877091 a composite number?
False
Is 183473 composite?
False
Is 44141 prime?
False
Is 774083 a prime number?
True
Is 7283 prime?
True
Is 991793 a composite number?
True
Is 18591 prime?
False
Is 974543 a prime number?
False
Is 30029 a prime number?
True
Is 49991 prime?
True
Is 306197 composite?
True
Is 9149 a prime number?
False
Is 536629 a prime number?
False
Is 140419 a prime number?
True
Is 323369 a composite number?
False
Is 162989 composite?
False
Is 9613 prime?
True
Is 4853 a composite number?
True
Is 195689 a prime number?
False
Is 1126 composite?
True
Is 7327 a composite number?
True
Is 136859 prime?
True
Is 127031 a composite number?
False
Is 675623 a composite number?
True
Is 5345 prime?
False
Is 181019 composite?
False
Is 775729 a composite number?
False
Is 101851 composite?
True
Is 278833 a composite number?
True
Is 4229 prime?
True
Is 131 prime?
True
Is 5267 prime?
False
Is 5601 prime?
False
Is 137909 a composite number?
False
Is 73417 composite?
False
Is 144461 a prime number?
True
Is 137927 a composite number?
False
Is 71 a prime number?
True
Is 58622 a composite number?
True
Is 125231 composite?
False
Is 354533 a composite number?
False
Is 252089 a prime number?
False
Is 6491 composite?
False
Is 1355 composite?
True
Is 360541 prime?
True
Is 95393 a composite number?
False
Is 1707 prime?
False
Is 83471 a prime number?
True
Is 1009509 a prime number?
False
Is 124471 prime?
T